culate b(-12).
-14
Let t(l) = -l**3 - 22*l**2 + l + 25. What is t(-22)?
3
Let m(n) = -n**3 - n**2 + 8*n - 28. Calculate m(-5).
32
Let c(x) = 4*x**3 + 6*x**2 + 8*x. Calculate c(-2).
-24
Let z(x) = 12*x - 254. Give z(21).
-2
Let c(m) = m**2 + 13*m - 7. Calculate c(-13).
-7
Let b(o) = o. Give b(1).
1
Let j(o) = -o**2 + o + 5. What is j(-4)?
-15
Let j(n) = -4*n + 3. Give j(-3).
15
Let i(k) = -13*k**2 - 2*k + 1. Calculate i(1).
-14
Let w(q) = 4*q + 17. Determine w(-4).
1
Let y(f) = -53*f - 852. Determine y(-16).
-4
Let x(k) = k**2 + 2*k. Determine x(-2).
0
Let x(v) = -8*v + 1. Give x(4).
-31
Let i(k) = k - 3. Determine i(11).
8
Let x(q) = -5*q**2 + 2*q - 2. Give x(1).
-5
Let z(l) = l**2 + 10*l + 17. What is z(-6)?
-7
Let p(l) = l**2 - 8*l + 10. Determine p(6).
-2
Let c(l) = 2*l**2 - 19*l + 8. Calculate c(9).
-1
Let y(z) = 4*z**2 - 1. What is y(-1)?
3
Let i(r) = r**3 - 4*r**2 + 3*r + 6. Give i(5).
46
Let g(l) = 7*l**3 + 3*l**2 + l + 2. Give g(-2).
-44
Let t(s) = 5*s**2 - 119*s - 23. What is t(24)?
1
Let i(v) = -5*v**2 - 31*v + 2. Give i(-6).
8
Let q(w) = 87*w + 1135. Calculate q(-13).
4
Let q(h) = -3*h**2 + 116*h + 34. What is q(39)?
-5
Let d(i) = i**3 - i**2 - 2*i + 3. Calculate d(-2).
-5
Let c(p) = -6*p**3 - 19*p**2 + 12*p + 46. Give c(-3).
1
Let x(b) = -b**2 - 10*b + 34. Calculate x(-8).
50
Let v(q) = -q**3 + 6*q**2 - 3*q + 2. What is v(6)?
-16
Let f(c) = 2*c**2 + 9*c + 5. Give f(-7).
40
Let b(j) = 2*j + 14. Calculate b(-5).
4
Let w(v) = 2*v**2 + 11*v - 5. Calculate w(-5).
-10
Let s(r) = -r**3 - 11*r**2 + 12*r + 15. Give s(-12).
15
Let a(i) = -i - 7. Calculate a(-15).
8
Let i(s) = -s**2 - 16*s. Determine i(-12).
48
Let b(p) = 10*p**2 + 59*p - 11. Determine b(-6).
-5
Let j(q) = q**3 + 11*q**2 + 10*q + 8. Calculate j(-10).
8
Let n(z) = -z**2 + 12*z - 29. Determine n(9).
-2
Let u(j) = -2*j**2 - 36*j + 291. Determine u(-24).
3
Let j(r) = -5*r**2 - 6*r + 5. Determine j(1).
-6
Let g(r) = -r**2 - 17*r - 70. Give g(-11).
-4
Let o(q) = q**3 - 9*q**2 + q + 9. Determine o(9).
18
Let q(d) = -d**3 + 20*d**2 + 21*d + 4. Calculate q(21).
4
Let g(m) = 2*m**2 + 71*m + 64. Determine g(-35).
29
Let y(a) = -a**3 + 9*a**2 - 5*a - 30. What is y(8)?
-6
Let o(k) = -39*k + 9. Calculate o(-1).
48
Let v(l) = l**3 + 22*l**2 + 25*l + 24. What is v(-21)?
-60
Let v(t) = -8*t - 3. Calculate v(7).
-59
Let h(r) = -2*r**2 - 26*r + 39. What is h(-14)?
11
Let g(x) = x**3 + x**2 + x + 1. What is g(-2)?
-5
Let k(f) = -2*f + 23. What is k(32)?
-41
Let y(t) = 12*t**2 - t. What is y(-1)?
13
Let i(z) = 17*z**3 - 2*z**2 - 2*z - 1. Calculate i(-1).
-18
Let t(l) = l**3 + 9*l**2 - l - 13. What is t(-9)?
-4
Let j(r) = -3*r - 68. Calculate j(-13).
-29
Let f(a) = a**3 - 16*a**2 + 40*a - 13. Calculate f(12).
-109
Let m(w) = w**3 - 6*w**2 + 4*w - 5. What is m(6)?
19
Let t(d) = d**3 + d**2 - 3*d + 2. Calculate t(-3).
-7
Let j(b) = 14*b - 4. What is j(2)?
24
Let a(n) = -n**3 + 22*n**2 - 41*n + 2. Calculate a(20).
-18
Let c(b) = -2*b**2 - 25*b + 9. Calculate c(-13).
-4
Let q(k) = -k**3 - 10*k**2 - 25*k - 21. Give q(-7).
7
Let j(a) = -3*a**3 - 14*a**2 - 9*a - 13. Calculate j(-4).
-9
Let m(u) = -12*u - 1. What is m(-3)?
35
Let a(z) = -12*z - 443. What is a(-36)?
-11
Let w(j) = 7*j - 47. Determine w(6).
-5
Let x(p) = -3*p**3 + 3*p**2 - 3. Determine x(2).
-15
Let u(q) = -95*q - 479. What is u(-5)?
-4
Let s(u) = u**2 - 12*u + 10. What is s(11)?
-1
Let b(v) = -v**3 - 3*v**2 + 22*v + 36. Give b(-6).
12
Let u(j) = -2*j**3 - 17*j**2 - 15*j + 15. Calculate u(-7).
-27
Let w(r) = 6*r - 34. Determine w(7).
8
Let g(u) = 36*u + 3. Calculate g(-1).
-33
Let q(r) = -r**2 + r - 2. What is q(7)?
-44
Let t(j) = j**3 + 5*j**2 - 6*j + 2. Determine t(-6).
2
Let d(n) = -n**3 + 5*n**2 - 2*n - 2. What is d(5)?
-12
Let k(g) = -73*g - 2. Determine k(-1).
71
Let a(t) = t**3 + 6*t**2 - t - 3. Give a(-7).
-45
Let g(s) = -3*s + 4. Give g(3).
-5
Let b(f) = -4*f**2 - 7*f + 13. Determine b(-6).
-89
Let n(m) = -m - 3. Calculate n(0).
-3
Let m(w) = 2*w + 19. Give m(-12).
-5
Let d(h) = -3*h**2 + 7*h - 29. What is d(3)?
-35
Let x(c) = -5*c + 13. Determine x(13).
-52
Let u(t) = t**2 + 6*t - 45. What is u(-10)?
-5
Let w(z) = -z**2 - 11*z - 18. What is w(-11)?
-18
Let c(i) = i**3 + 3*i**2 - 5*i - 2. What is c(-4)?
2
Let w(h) = -h**3 + 37*h**2 + 36*h + 74. Calculate w(38).
-2
Let v(w) = w**2 - 15*w - 4. What is v(15)?
-4
Let l(n) = -n**3 - 3*n**2 + 4*n - 8. Determine l(3).
-50
Let r(n) = -n**3 - 30*n**2 + 30*n - 32. What is r(-31)?
-1
Let o(x) = 2*x - 7. Calculate o(3).
-1
Let f(m) = -m**3 - 15*m**2 - m - 11. What is f(-15)?
4
Let c(u) = -u**2 + 8*u - 10. Give c(5).
5
Let k(i) = -35*i - 905. Calculate k(-26).
5
Let x(v) = -v**2 + v - 5. What is x(0)?
-5
Let x(o) = 14*o**2 + 16*o + 1. Give x(-1).
-1
Let s(n) = -21*n - 73. Calculate s(-4).
11
Let p(j) = -j**2 + 5*j - 1. What is p(5)?
-1
Let c(h) = -14*h - 5. Give c(-5).
65
Let i(s) = 2*s + 24. Give i(-14).
-4
Let m(l) = -l**3 + 38*l**2 + 37*l + 59. Give m(39).
-19
Let m(r) = r**2 - 6*r + 5. Determine m(4).
-3
Let z(n) = 5*n - 38. Give z(4).
-18
Let i(y) = 63*y**3 + 2*y**2 + 3*y + 1. Calculate i(-1).
-63
Let p(v) = v**2 - 11*v - 8. What is p(11)?
-8
Let c(x) = x. What is c(-14)?
-14
Let g(t) = -4*t - 6. Determine g(-4).
10
Let n(k) = k**2 - 25*k + 48. Calculate n(2).
2
Let f(x) = -4*x + 17. Give f(8).
-15
Let i(l) = -l**3 - 18*l**2 - 23*l - 108. Calculate i(-17).
-6
Let y(s) = 10*s + 89. Determine y(-8).
9
Let y(g) = g**2 + 17*g + 57. What is y(-5)?
-3
Let q(m) = 3*m**2 + 2*m + 25. Give q(0).
25
Let w(o) = -4*o**2 + 8*o - 6. What is w(6)?
-102
Let v(k) = -k**3 + k**2 + 7*k - 10. Calculate v(4).
-30
Let p(u) = -2*u + 19. Calculate p(-10).
39
Let s(x) = -4*x - 68. Calculate s(-18).
4
Let x(w) = w**3 + 16*w**2 - w - 8. Determine x(-16).
8
Let l(d) = -5*d**2 + 37*d - 11. Determine l(7).
3
Let x(k) = -k**2 + 6*k - 13. Calculate x(8).
-29
Let b(t) = -t**3 - t**2 + 4*t + 5. Determine b(-3).
11
Let r(n) = n**2 - n - 68. What is r(8)?
-12
Let g(d) = 13*d + 68. Determine g(-7).
-23
Let m(k) = -k + 14. What is m(16)?
-2
Let g(k) = k**2 - 2. Determine g(-3).
7
Let w(z) = -2*z**2 + 6*z. What is w(3)?
0
Let c(f) = -f**2 - 13*f - 20. Give c(-12).
-8
Let f(s) = -16*s + 5. What is f(7)?
-107
Let c(t) = 8*t**3 - t**2 + t - 1. What is c(1)?
7
Let m(r) = -22*r - 67. Give m(-8).
109
Let g(b) = 6*b + 140. What is g(-18)?
32
Let l(v) = -v**3 - 9*v**2 - 10*v. Give l(-8).
16
Let t(s) = -s**2 - s + 65. Calculate t(-9).
-7
Let t(c) = 3*c**2 - 5*c + 5. Determine t(3).
17
Let v(h) = 10*h + 28. Determine v(-3).
-2
Let m(j) = -j**3 + 6*j**2 - 5*j + 31. What is m(6)?
1
Let b(z) = 11*z**2 - 6*z + 6. Determine b(3).
87
Let c(n) = -n - 25. Give c(-7).
-18
Let s(z) = z**2 - 5*z - 13. Calculate s(7).
1
Let q(c) = -4*c - 10. Give q(-7).
18
Let d(o) = 4*o**3 + o. Give d(1).
5
Let f(s) = -s**3 - 7*s**2 + 6*s + 2. Calculate f(-8).
18
Let r(q) = 18*q + 13. Calculate r(-1).
-5
Let n(w) = w**2 + 5*w + 8. Determine n(-6).
14
Let g(n) = -n**3 - 7*n**2 - 8*n - 6. What is g(-6)?
6
Let s(w) = -2*w**3 - 25*w**2 - 7*w + 48. What is s(-12)?
-12
Let s(u) = u**2 + 10*u - 543. Calculate s(-29).
8
Let d(b) = -b**3 + 3*b**2 - 3*b + 1. Determine d(3).
-8
Let f(p) = -p**2 + 10*p - 33. Calculate f(9).
-24
Let p(v) = 11*v - 5. Calculate p(7).
72
Let g(z) = -z**3 + 5*z**2 + 2*z - 3. Give g(4).
21
Let g(j) = -2*j - 7. Give g(0).
-7
Let r(b) = 15*b - 225. Give r(15).
0
Let n(s) = -115*s - 570. Calculate n(-5).
5
Let b(f) = -f**3 - 7*f**2 + 8*f - 6. What is b(-7)?
-62
Let x(o) = -o**2 - 15*o - 30. What is x(-12)?
6
Let l(f) = f**2 - 12*f + 18. Calculate l(11).
7
Let q(l) = -l**2 + l + 35. Determine q(7).
-7
Let k(s) = -11*s + 110. Determine k(15).
-55
Let u(h) = h**3 - 4*h**2 - 9*h + 11. Determine u(5).
-9
Let k(b) = 7*b - 6. Give k(3).
15
Let z(k) = -k + 16. Give z(9).
7
Let u(i) = -2*i**3 + 25*i**2 - 12*i - 6. Give u(12).
-6
Let x(i) = i**2 + 23*i + 97. Calculate x(-18).
7
Let v(s) = 9*s**3 - 2*s**2 + s - 1. What is v(1)?
7
Let z(q) = -9*q**3 - 3*q**2 - 3*q - 9. What is z(-2)?
57
Let g(l) = -6*l + 16. Determine g(3).
-2
Let p(n) = 8*n - 21. Give p(3).
3
Let z(b) = -11*b - 6. Determine z(-5).
49
Let t(a) = -a**3 - 6*a**2 + a. What is t(-6)?
-6
Let h(r) = 3*r. What is h(-2)?
-6
Let q(z) = z**2 - 13*z + 39. Give q(8).
-1
Let a(b) = -10*b + 178. What is a(1